{"id":8610,"date":"2014-02-18T12:52:34","date_gmt":"2014-02-18T10:52:34","guid":{"rendered":"http:\/\/www.panoramahotel-wagner.at\/?page_id=8610"},"modified":"2022-06-02T09:50:04","modified_gmt":"2022-06-02T07:50:04","slug":"local-cultural-events","status":"publish","type":"page","link":"https:\/\/www.panoramahotel-wagner.at\/en\/local-cultural-events\/","title":{"rendered":"Local Cultural Events"},"content":{"rendered":"[vc_row][vc_column width=&#8221;2\/3&#8243;][mk_divider style=&#8221;padding_space&#8221; margin_bottom=&#8221;0&#8243;][vc_column_text css=&#8221;.vc_custom_1654156174592{margin-bottom: 0px !important;}&#8221;]\n<h2>SEMMERING CULTURE SUMMER FESTIVAL<\/h2>\n<p>Held at the Grand Hotel Panhans, and organized by the Cultural Association of Semmering.<br \/>\nFor more detailed information visit:\u00a0<a href=\"http:\/\/www.kultursommer-semmering.at\/\" target=\"_blank\" rel=\"noopener\">www.kultursommer-semmering.at<\/a>[\/vc_column_text][mk_divider style=&#8221;thin_solid&#8221; margin_top=&#8221;10&#8243;][vc_column_text]\n<h2>INTERNATIONAL SUMMER ACADEMY (ISA) &#8211; PRAGUE-VIENNA-BUDAPEST<\/h2>\n<p>The \u201cisaMusikfestival\u201d includes performances by young stars from around the world, provides a stage for big names and an innovative cross-section of other projects. The &#8220;ISA11 FOCUS SPECIAL EVENTS&#8221; will take place in Reichenau and Semmering. For more detailed information visit:\u00a0<a href=\"http:\/\/www.isa-music.org\" target=\"_blank\" rel=\"noopener\">www.isa-music.org <\/a>[\/vc_column_text][mk_divider style=&#8221;thin_solid&#8221; margin_top=&#8221;10&#8243;][vc_column_text css=&#8221;.vc_custom_1654156201928{margin-bottom: 0px !important;}&#8221;]\n<h2>REICHENAU FESTIVAL<\/h2>\n<p>Concerts and theatre performances in \u2018Reichenau an der Rax\u2019.<br \/>\nFor more detailed information visit: <a href=\"https:\/\/www.theaterreichenau.at\" target=\"_blank\" rel=\"noopener\">www.theaterreichenau.at<\/a>[\/vc_column_text][mk_divider style=&#8221;thin_solid&#8221; margin_top=&#8221;10&#8243;][vc_column_text]\n<h2>M\u00dcRZZUSCHLAG BRAHMS FESTIVAL<\/h2>\n<p>An annual festival with concerts and lectures. For more detailed information visit: <a href=\"http:\/\/www.brahmsfest.at\" target=\"_blank\" rel=\"noopener\">www.brahmsfest.at<\/a>[\/vc_column_text][mk_divider style=&#8221;thin_solid&#8221; margin_top=&#8221;10&#8243;][vc_column_text]\n<h2>NEUBERGER CULTURE DAYS<\/h2>\n<p>As part of the Neuberger culture days there are concerts in \u201cNeuberg an der Murz\u201d.<br \/>\nFor more detailed information visit: <a href=\"http:\/\/www.neuberger-kulturtage.org\" target=\"_blank\" rel=\"noopener\">www.neuberger-kulturtage.org<\/a>[\/vc_column_text][\/vc_column][vc_column width=&#8221;1\/3&#8243;][mk_content_box heading=&#8221;Attractions at a Glance&#8221; icon=&#8221;moon-direction&#8221;][mk_toggle title=&#8221;Attractions&#8221;]\n<ul>\n<li><a href=\"http:\/\/www.muerzzuschlag.at\" target=\"_blank\" rel=\"noopener\">M\u00fcrzzuschlag<\/a><\/li>\n<li><a href=\"http:\/\/www.gloggnitz.at\" target=\"_blank\" rel=\"noopener\">Gloggnitz<\/a><\/li>\n<li><a href=\"http:\/\/www.wien.info\/\" target=\"_blank\" rel=\"noopener\">Wien<\/a> und <a href=\"http:\/\/www.graztourismus.at\" target=\"_blank\" rel=\"noopener\">Graz<\/a> (approx. 100 km)<\/li>\n<li><a href=\"http:\/\/www.wiener-neustadt.gv.at\/\" target=\"_blank\" rel=\"noopener\">Wiener Neustadt<\/a> (former imperial residence city)<\/li>\n<li><a href=\"http:\/\/www.schloss-esterhazy.at\/\" target=\"_blank\" rel=\"noopener\">Eisenstadt\u00a0with Esterhazy Castle<\/a><\/li>\n<li><a href=\"http:\/\/www.baden.at\/\" target=\"_blank\" rel=\"noopener\">Baden<\/a> close to Vienna<\/li>\n<li><a href=\"http:\/\/www.mariazell.at\" target=\"_blank\" rel=\"noopener\">Mariazell<\/a><\/li>\n<li>Peter Roseggers <a href=\"http:\/\/www.waldheimat.at\/\" target=\"_blank\" rel=\"noopener\">forest home<\/a><\/li>\n<li><a href=\"http:\/\/www.neusiedlersee.com\/\" target=\"_blank\" rel=\"noopener\">Neusiedlersee<\/a><\/li>\n<li><a href=\"http:\/\/www.madeinnasswald.at\/\" target=\"_blank\" rel=\"noopener\">Nasswald<\/a><\/li>\n<li>K\u00f6hlerstra\u00dfe (Lower Austria)<\/li>\n<li><a href=\"http:\/\/www.hermannshoehle.at\/\" target=\"_blank\" rel=\"noopener\">Hermannsh\u00f6hle<\/a> (largest limestone cave in Lower Austria)<\/li>\n<li><a href=\"http:\/\/www.abenteuer-industrie.at\/?pid=3387&amp;katid=1&amp;musid=1\" target=\"_blank\" rel=\"noopener\">Mining Museum in Enzenreith<\/a><\/li>\n<\/ul>\n[\/mk_toggle][mk_toggle title=&#8221;Reaching the Summits&#8221;]\n<ul>\n<li>Cable car\u00a0<a href=\"http:\/\/www.zauberberg.at\/\" target=\"_blank\" rel=\"noopener\">Zau[:ber:]g <\/a><\/li>\n<li><a href=\"http:\/\/www.raxalpe.com\/\" target=\"_blank\" rel=\"noopener\">Raxseilbahn cable car<\/a><\/li>\n<li><a href=\"http:\/\/www.schneebergbahn.at\/\" target=\"_blank\" rel=\"noopener\">Cog railway<\/a> Schneeberg<\/li>\n<li><a href=\"http:\/\/www.semmeringbahn.at\" target=\"_blank\" rel=\"noopener\">Semmeringbahn<\/a> UNESCO World Heritage Site<\/li>\n<\/ul>\n[\/mk_toggle][mk_toggle title=&#8221;Arts and Culture&#8221;]\n<ul>\n<li>Semmering: villa colony<\/li>\n<li>Hochstra\u00dfen (High Road) Museum<\/li>\n<li><a href=\"http:\/\/www.neuberg.at\/\" target=\"_blank\" rel=\"noopener\">Neuberg<\/a>: Gothic hall church<\/li>\n<li>Maria Schutz: <a href=\"http:\/\/www.pfarre-semmering.at\/semmering_folge03.html\" target=\"_blank\" rel=\"noopener\">pilgrimmage church with Marie Bruendle<\/a><\/li>\n<li>Mariazell: <a href=\"http:\/\/www.basilika-mariazell.at\" target=\"_blank\" rel=\"noopener\">Basilica with treasury<\/a><\/li>\n<li>M\u00fcrzzuschlag: <a href=\"http:\/\/www.ausstellungswelten.at\/\" target=\"_blank\" rel=\"noopener\">Winter sports, Brahms Museum, and Southern Railway Museum <\/a><\/li>\n<li><a href=\"http:\/\/www.festspiele-reichenau.com\/\" target=\"_blank\" rel=\"noopener\">Reichenau Festival<\/a><\/li>\n<li><a href=\"http:\/\/www.brahmsfest.at\" target=\"_blank\" rel=\"noopener\">Brahms Festival<\/a> M\u00fcrzzuschlag<\/li>\n<li><a href=\"http:\/\/www.kraeftereich.at\" target=\"_blank\" rel=\"noopener\">Kr\u00e4fte-Reich<\/a>: forces, myths, realities<\/li>\n<\/ul>\n[\/mk_toggle][mk_divider style=&#8221;thin_solid&#8221; margin_top=&#8221;8&#8243; margin_bottom=&#8221;8&#8243;][vc_column_text]We are happy to keep you informed about upcoming events, sports and excursions. For even more information about other sports &amp; recreational options, you can also check out\u00a0<a href=\"http:\/\/www.semmering.at\" target=\"_blank\" rel=\"noopener\">www.semmering.at<\/a>.[\/vc_column_text][\/mk_content_box][mk_content_box heading=&#8221;From Our Bookshop&#8221; icon=&#8221;icon-book&#8221;][mk_image src=&#8221;http:\/\/www.panoramahotel-wagner.at\/wp-content\/uploads\/2013\/10\/buch01_semmering.jpg&#8221; image_width=&#8221;200&#8243; crop=&#8221;false&#8221;][vc_column_text]<strong>Austria from the Inside: Semmering <\/strong><br \/>\n<strong>(German Language)<\/strong><br \/>\nAlfred Komarek<br \/>\n184 pages, Haymon Verlag, 2012[\/vc_column_text][mk_divider style=&#8221;thin_solid&#8221; margin_top=&#8221;15&#8243; margin_bottom=&#8221;15&#8243;][mk_image src=&#8221;http:\/\/www.panoramahotel-wagner.at\/wp-content\/uploads\/2013\/10\/buch021_semmering.jpg&#8221; image_width=&#8221;200&#8243; crop=&#8221;false&#8221;][vc_column_text]<strong>The Southern Railway<br \/>\nYour Resorts and Hotels<br \/>\n(German Language)<\/strong><br \/>\nD\u00e9sir\u00e9e Vasko-Juh\u00e1sz<br \/>\n413 pages, B\u00f6hlau, 2006[\/vc_column_text][\/mk_content_box][\/vc_column][\/vc_row]\n","protected":false},"excerpt":{"rendered":"<p>[vc_row][vc_column width=&#8221;2\/3&#8243;][mk_divider style=&#8221;padding_space&#8221; margin_bottom=&#8221;0&#8243;][vc_column_text css=&#8221;.vc_custom_1654156174592{margin-bottom: 0px !important;}&#8221;] SEMMERING CULTURE SUMMER FESTIVAL Held at the Grand Hotel Panhans, and organized by the Cultural Association of Semmering. For more detailed information visit:\u00a0www.kultursommer-semmering.at[\/vc_column_text][mk_divider style=&#8221;thin_solid&#8221; margin_top=&#8221;10&#8243;][vc_column_text] INTERNATIONAL SUMMER ACADEMY (ISA) &#8211; PRAGUE-VIENNA-BUDAPEST The \u201cisaMusikfestival\u201d includes performances by young stars from around the world, provides a stage for big names [&hellip;]<\/p>\n","protected":false},"author":1,"featured_media":0,"parent":0,"menu_order":0,"comment_status":"closed","ping_status":"closed","template":"","meta":[],"aioseo_notices":[],"_links":{"self":[{"href":"https:\/\/www.panoramahotel-wagner.at\/en\/wp-json\/wp\/v2\/pages\/8610"}],"collection":[{"href":"https:\/\/www.panoramahotel-wagner.at\/en\/wp-json\/wp\/v2\/pages"}],"about":[{"href":"https:\/\/www.panoramahotel-wagner.at\/en\/wp-json\/wp\/v2\/types\/page"}],"author":[{"embeddable":true,"href":"https:\/\/www.panoramahotel-wagner.at\/en\/wp-json\/wp\/v2\/users\/1"}],"replies":[{"embeddable":true,"href":"https:\/\/www.panoramahotel-wagner.at\/en\/wp-json\/wp\/v2\/comments?post=8610"}],"version-history":[{"count":6,"href":"https:\/\/www.panoramahotel-wagner.at\/en\/wp-json\/wp\/v2\/pages\/8610\/revisions"}],"predecessor-version":[{"id":10341,"href":"https:\/\/www.panoramahotel-wagner.at\/en\/wp-json\/wp\/v2\/pages\/8610\/revisions\/10341"}],"wp:attachment":[{"href":"https:\/\/www.panoramahotel-wagner.at\/en\/wp-json\/wp\/v2\/media?parent=8610"}],"curies":[{"name":"wp","href":"https:\/\/api.w.org\/{rel}","templated":true}]}}

[vc_row][vc_column width=&#8221;2/3&#8243;][mk_divider style=&#8221;padding_space&#8221; margin_bottom=&#8221;0&#8243;][vc_column_text css=&#8221;.vc_custom_1654156174592{margin-bottom: 0px !important;}&#8221;]
<h2>SEMMERING CULTURE SUMMER FESTIVAL</h2>
<p>Held at the Grand Hotel Panhans, and organized by the Cultural Association of Semmering.<br />
For more detailed information visit: <a href="http://www.kultursommer-semmering.at/" target="_blank" rel="noopener">www.kultursommer-semmering.at</a>[/vc_column_text][mk_divider style=&#8221;thin_solid&#8221; margin_top=&#8221;10&#8243;][vc_column_text]
<h2>INTERNATIONAL SUMMER ACADEMY (ISA) &#8211; PRAGUE-VIENNA-BUDAPEST</h2>
<p>The “isaMusikfestival” includes performances by young stars from around the world, provides a stage for big names and an innovative cross-section of other projects. The &#8220;ISA11 FOCUS SPECIAL EVENTS&#8221; will take place in Reichenau and Semmering. For more detailed information visit: <a href="http://www.isa-music.org" target="_blank" rel="noopener">www.isa-music.org </a>[/vc_column_text][mk_divider style=&#8221;thin_solid&#8221; margin_top=&#8221;10&#8243;][vc_column_text css=&#8221;.vc_custom_1654156201928{margin-bottom: 0px !important;}&#8221;]
<h2>REICHENAU FESTIVAL</h2>
<p>Concerts and theatre performances in ‘Reichenau an der Rax’.<br />
For more detailed information visit: <a href="https://www.theaterreichenau.at" target="_blank" rel="noopener">www.theaterreichenau.at</a>[/vc_column_text][mk_divider style=&#8221;thin_solid&#8221; margin_top=&#8221;10&#8243;][vc_column_text]
<h2>MÜRZZUSCHLAG BRAHMS FESTIVAL</h2>
<p>An annual festival with concerts and lectures. For more detailed information visit: <a href="http://www.brahmsfest.at" target="_blank" rel="noopener">www.brahmsfest.at</a>[/vc_column_text][mk_divider style=&#8221;thin_solid&#8221; margin_top=&#8221;10&#8243;][vc_column_text]
<h2>NEUBERGER CULTURE DAYS</h2>
<p>As part of the Neuberger culture days there are concerts in “Neuberg an der Murz”.<br />
For more detailed information visit: <a href="http://www.neuberger-kulturtage.org" target="_blank" rel="noopener">www.neuberger-kulturtage.org</a>[/vc_column_text][/vc_column][vc_column width=&#8221;1/3&#8243;][mk_content_box heading=&#8221;Attractions at a Glance&#8221; icon=&#8221;moon-direction&#8221;][mk_toggle title=&#8221;Attractions&#8221;]
<ul>
<li><a href="http://www.muerzzuschlag.at" target="_blank" rel="noopener">Mürzzuschlag</a></li>
<li><a href="http://www.gloggnitz.at" target="_blank" rel="noopener">Gloggnitz</a></li>
<li><a href="http://www.wien.info/" target="_blank" rel="noopener">Wien</a> und <a href="http://www.graztourismus.at" target="_blank" rel="noopener">Graz</a> (approx. 100 km)</li>
<li><a href="http://www.wiener-neustadt.gv.at/" target="_blank" rel="noopener">Wiener Neustadt</a> (former imperial residence city)</li>
<li><a href="http://www.schloss-esterhazy.at/" target="_blank" rel="noopener">Eisenstadt with Esterhazy Castle</a></li>
<li><a href="http://www.baden.at/" target="_blank" rel="noopener">Baden</a> close to Vienna</li>
<li><a href="http://www.mariazell.at" target="_blank" rel="noopener">Mariazell</a></li>
<li>Peter Roseggers <a href="http://www.waldheimat.at/" target="_blank" rel="noopener">forest home</a></li>
<li><a href="http://www.neusiedlersee.com/" target="_blank" rel="noopener">Neusiedlersee</a></li>
<li><a href="http://www.madeinnasswald.at/" target="_blank" rel="noopener">Nasswald</a></li>
<li>Köhlerstraße (Lower Austria)</li>
<li><a href="http://www.hermannshoehle.at/" target="_blank" rel="noopener">Hermannshöhle</a> (largest limestone cave in Lower Austria)</li>
<li><a href="http://www.abenteuer-industrie.at/?pid=3387&amp;katid=1&amp;musid=1" target="_blank" rel="noopener">Mining Museum in Enzenreith</a></li>
</ul>
[/mk_toggle][mk_toggle title=&#8221;Reaching the Summits&#8221;]
<ul>
<li>Cable car <a href="http://www.zauberberg.at/" target="_blank" rel="noopener">Zau[:ber:]g </a></li>
<li><a href="http://www.raxalpe.com/" target="_blank" rel="noopener">Raxseilbahn cable car</a></li>
<li><a href="http://www.schneebergbahn.at/" target="_blank" rel="noopener">Cog railway</a> Schneeberg</li>
<li><a href="http://www.semmeringbahn.at" target="_blank" rel="noopener">Semmeringbahn</a> UNESCO World Heritage Site</li>
</ul>
[/mk_toggle][mk_toggle title=&#8221;Arts and Culture&#8221;]
<ul>
<li>Semmering: villa colony</li>
<li>Hochstraßen (High Road) Museum</li>
<li><a href="http://www.neuberg.at/" target="_blank" rel="noopener">Neuberg</a>: Gothic hall church</li>
<li>Maria Schutz: <a href="http://www.pfarre-semmering.at/semmering_folge03.html" target="_blank" rel="noopener">pilgrimmage church with Marie Bruendle</a></li>
<li>Mariazell: <a href="http://www.basilika-mariazell.at" target="_blank" rel="noopener">Basilica with treasury</a></li>
<li>Mürzzuschlag: <a href="http://www.ausstellungswelten.at/" target="_blank" rel="noopener">Winter sports, Brahms Museum, and Southern Railway Museum </a></li>
<li><a href="http://www.festspiele-reichenau.com/" target="_blank" rel="noopener">Reichenau Festival</a></li>
<li><a href="http://www.brahmsfest.at" target="_blank" rel="noopener">Brahms Festival</a> Mürzzuschlag</li>
<li><a href="http://www.kraeftereich.at" target="_blank" rel="noopener">Kräfte-Reich</a>: forces, myths, realities</li>
</ul>
[/mk_toggle][mk_divider style=&#8221;thin_solid&#8221; margin_top=&#8221;8&#8243; margin_bottom=&#8221;8&#8243;][vc_column_text]We are happy to keep you informed about upcoming events, sports and excursions. For even more information about other sports &amp; recreational options, you can also check out <a href="http://www.semmering.at" target="_blank" rel="noopener">www.semmering.at</a>.[/vc_column_text][/mk_content_box][mk_content_box heading=&#8221;From Our Bookshop&#8221; icon=&#8221;icon-book&#8221;][mk_image src=&#8221;http://www.panoramahotel-wagner.at/wp-content/uploads/2013/10/buch01_semmering.jpg&#8221; image_width=&#8221;200&#8243; crop=&#8221;false&#8221;][vc_column_text]<strong>Austria from the Inside: Semmering </strong><br />
<strong>(German Language)</strong><br />
Alfred Komarek<br />
184 pages, Haymon Verlag, 2012[/vc_column_text][mk_divider style=&#8221;thin_solid&#8221; margin_top=&#8221;15&#8243; margin_bottom=&#8221;15&#8243;][mk_image src=&#8221;http://www.panoramahotel-wagner.at/wp-content/uploads/2013/10/buch021_semmering.jpg&#8221; image_width=&#8221;200&#8243; crop=&#8221;false&#8221;][vc_column_text]<strong>The Southern Railway<br />
Your Resorts and Hotels<br />
(German Language)</strong><br />
Désirée Vasko-Juhász<br />
413 pages, Böhlau, 2006[/vc_column_text][/mk_content_box][/vc_column][/vc_row]
